*y - 21. Let r be (-21)/y*(-6)/9. Let f(m) be the first derivative of 13*m**2/2 - m - 4. Give f(r).
-14
Suppose 4 - 12 = -w. Let g(c) = 0 - c**3 + 2 - 9 + 7*c**2 + 8*c. Determine g(w).
-7
Suppose -42*g = -14 - 28. Let k(y) = 14*y**2 - 7*y - 3. Let b(a) = -9*a**2 + 5*a + 2. Let n(v) = -7*b(v) - 5*k(v). Calculate n(g).
-6
Suppose 3*s - 5*b - 11 = 0, -16 = 4*b - 0*b. Let z(y) = -y**3 - 4*y**2 + 3. Give z(s).
-6
Let r(x) = 5*x**2 + 9 - 13*x**2 + 9*x**2 + 8*x. Let k(c) = 7*c - 41. Let s be k(5). Calculate r(s).
-3
Let p(c) = -9 + c**3 - 10 + 5*c**2 + 27 - 2*c - 4*c. Give p(-6).
8
Let z(o) be the first derivative of o - 2/3*o**3 - 26 - 1/2*o**2. Determine z(-2).
-5
Suppose 5*m = -4*n - n - 5, 5*n + 17 = -m. Let y(c) be the first derivative of -c**3/3 + c**2/2 + 3*c + 4. Give y(m).
-3
Let u(v) be the third derivative of v**6/120 - v**5/6 + 3*v**4/8 - 13*v**3/6 + 109*v**2. Determine u(9).
-13
Let x(u) = 3*u - 2. Let a = 80 + -114. Let d = -29 - a. Suppose -35 + 5 = d*l - 5*g, 0 = -4*l - 4*g + 8. Give x(l).
-8
Let l(a) be the first derivative of -a**4/24 - 4*a**3/3 - a**2 - 25. Let q(w) be the second derivative of l(w). Give q(-8).
0
Let q(w) = 944 - 7*w - 923 + 5*w. Give q(13).
-5
Let l(v) = -v + 1. Let p = -66 + 60. Calculate l(p).
7
Let z(u) be the second derivative of 8*u**3/3 + u**2 + 248*u. What is z(1)?
18
Let z(c) be the third derivative of -c**5/60 + c**4/8 - c**3/2 + 159*c**2. What is z(4)?
-7
Suppose 0 = 3*n - 6*n + 6. Let o(b) = -b - n*b**2 - 4*b + 3*b - 3. Let u = -8429 + 8427. What is o(u)?
-7
Let s = -16 + 23. Let b(j) = 0*j + 2 - 5*j - j + 5*j - 1. Determine b(s).
-6
Let u = 16 + -8. Let h(s) = s**3 - 9*s**2 + 6*s + 18. Let l be h(u). Let c(k) = -2*k**2 + 3*k - 3. Calculate c(l).
-5
Let d(a) = -9*a**3 + 5*a**2 - 8*a + 4. Let w(z) = 23*z**3 - 9*z**2 + 15*z - 6. Let o(b) = 5*d(b) + 2*w(b). Give o(-8).
24
Let a(y) = -y**3 + 4*y**2 + y + 7. Let l(r) = -2*r - 13. Let m be l(-9). Suppose 3*t = -4*v, 0 = -0*v - 4*v + 4*t. Let z = m - v. Determine a(z).
-13
Let k(r) = r - 27. Suppose 4*u - 228 = -172. What is k(u)?
-13
Let n(x) = -x. Suppose -4*f + 0*f - 5*r = -153, -189 = -5*f - 4*r. Let u = -39 + f. What is n(u)?
2
Let y(q) = -q**3 - 5*q**2 - 6*q - 3. Let a = -19 + 37. Let m = 14 - a. Let g be m/(-26) + 54/(-13). Determine y(g).
5
Let o be (0*3/(-45)*-5)/(-2). Let b(i) = 3*i + 19. What is b(o)?
19
Let t = -11 + 7. Let s be (12/(-16))/(1/t). Let a(g) = 3*g**2 + 9*g + 0*g**2 + 7 + g**2 - s*g**2. Determine a(-8).
-1
Let h be (4/12)/(4/(106 + 2)). Let a(x) = -x**2 + 10*x + 6. What is a(h)?
15
Let o = -126 - -117. Let q(t) be the third derivative of t**4/12 + 13*t**3/6 + 2*t**2. Calculate q(o).
-5
Let v(i) = 1 + i + 3*i + 3*i. Let n be 2*6/(-28) - (-352)/(-616). Give v(n).
-6
Let d(y) = -2*y - 1. Let z(j) = 0*j - 7 + 1 + 3*j + 2*j. Let a be z(1). Calculate d(a).
1
Let x(q) = 2*q - 1. Let w(s) = -2*s + 12. Let z be w(6). Suppose 5*i + 14 + 1 = z. Determine x(i).
-7
Let z(n) = -21*n**2 - 20*n + 40. Let l(v) = 4*v**2 + 4*v - 8. Let f(o) = -11*l(o) - 2*z(o). Let k be f(-4). Let m(s) = s**2 + 8*s + 5. Give m(k).
5
Let s(n) = n**3 + 7*n**2 + 4*n - 4. Let l(c) = 5*c**2 - 11*c - 2. Let u be l(2). Determine s(u).
28
Let k(o) be the second derivative of -7*o**3/6 + o. Let n be 8/9 + 185/1665. Give k(n).
-7
Suppose 0 = -6*u - 0*u + 24. Let n = u + -3. Let x(g) = 13*g**3 - 2*g**2 + 2*g - 1. Calculate x(n).
12
Let v(o) be the second derivative of 1/6*o**3 + 5/2*o**2 + 0 + 7*o. Calculate v(6).
11
Let y(m) = -17*m**2 + 3*m - 5. Let d(o) = -3*o**2 - o - 2. Let x(v) = 6*d(v) - y(v). Suppose -q - 5*k = -3*q - 33, -q - k - 6 = 0. What is x(q)?
-7
Let d(l) = 5*l - 167 - 4*l + 3*l + 175. Calculate d(-6).
-16
Suppose 3*h + 7 = 1, 3*h - 10 = -4*x. Let m(p) = p - 4. Give m(x).
0
Let h(g) = -g**2 - 1. Let c(t) = -5*t**2 + 9*t + 1. Let l(i) = -c(i) + 6*h(i). Let d = 801 - 807. Calculate l(d).
11
Let n(j) = -6*j**2 - j + 1. Suppose 2*k + 2 = 4*p - 7*p, -2 = -p - 2*k. Let s be (-6 - (3 - 7))/p. Determine n(s).
-6
Let q(a) = -a**3 - 6*a**2 - 6*a + 1. Let f(x) = 2*x - 24. Let v be f(12). Suppose 5*d = -5*h, 0 = 2*h + 4*d - d + 5. Let u = v - h. Give q(u).
6
Let a(j) be the first derivative of j**2/2 - 15*j + 90. Calculate a(23).
8
Let l be ((-24)/10 + 0)/(7/(-140)). Suppose 0 = -5*f - l + 58. Let c(j) = 0 - 2*j**3 + 2*j**2 + j**3 + 2 - 3*j**2 - 2*j. Determine c(f).
-14
Suppose 0 = -5*v + 4*y + 10, 5*v - 3*y - 4 = 3*v. Let u(q) = 3 + 6*q**2 - 3*q**2 - 2*q**v. Determine u(0).
3
Let z(g) = 7*g + 10. Let y(c) = 16*c + 22. Let q(d) = -4*y(d) + 9*z(d). Determine q(-2).
4
Let q(h) = -2*h - 1. Let t(w) = -7*w - 8. Let r be t(5). Let o = r + 41. Calculate q(o).
3
Let f be -7*(0 - (-8)/(-28)) - -1. Let q(o) be the third derivative of 9*o**2 + 0 - 1/8*o**4 + 0*o - 1/6*o**f. Give q(-2).
5
Let m(i) = i - 1. Let p be 192/40 + (-1)/(-5). Suppose 4*f + 4 = -p*k - 0*k, -2*f = 2. Give m(k).
-1
Let c = 14 + -8. Let t(o) = -o**3 + o. Let l(m) = 7*m**3 - 5*m**2 - 14*m + 3. Let f(r) = l(r) + 6*t(r). Determine f(c).
-9
Let d = 434 + -428. Let p(x) = x**3 - 8*x**2 + 10*x - 7. Calculate p(d).
-19
Let d(q) = 0*q - 1 + 2*q - 2 + q - 2*q. What is d(3)?
0
Let u(l) = 9*l**2 + 7*l. Let z(i) = 2*i**2 + i + 1. Let a(d) = -u(d) + 5*z(d). What is a(3)?
8
Let h be (-4 - -1) + 3 - -5. Suppose 1 = -2*g + h. Let w(i) = -i - 1 - 4*i**2 - g*i**2 + 2. Determine w(1).
-6
Suppose -3*j + 0*j + 1 = 4*z, 4*z + 4*j = -4. Let c(l) be the third derivative of 1/20*l**5 + 0*l + 2*l**2 - 1/6*l**z + 0 + 1/120*l**6 + 1/3*l**3. Give c(-4).
2
Let t(r) = -6*r**2 - 5500*r + 5492*r + r**3 + 3*r**3 - 16 - 5*r**3 + 4. What is t(-5)?
3
Let g(z) be the third derivative of -z**6/120 - 2*z**5/15 + z**4/2 + 13*z**3/6 + 13*z**2 - 5*z. Determine g(-9).
-14
Let z(f) be the second derivative of -f**4/12 + 5*f**3/6 + f**2 - f. Let l = -8 + 11. Suppose -l*u + k + 22 = 0, 5*k + 44 = 6*u - 2*u. Calculate z(u).
-4
Let o(c) = -6*c + 9. Let i(r) = -r + 4. Let a(m) = 4*i(m) - o(m). What is a(-4)?
-1
Let r(z) = 4 + 100*z - 193*z + 101*z. Determine r(-3).
-20
Let l(n) = -2*n. Let g be (60/(-45))/((-1)/(-3)). Give l(g).
8
Suppose 2*p + 14 = 2*j - 6*j, 4*j + 9 = -p. Let w(m) = m**2 + 5*m - 6. Give w(p).
-6
Let j(z) = z - 1. Let r be 4/(-8) + (-1)/((-2)/(-7)). Let n be j(r). Let v(o) = o**3 + 4*o**2 - 6*o - 5. Calculate v(n).
0
Let s(x) = -2 + 184*x - 61*x - 122*x. Suppose 5*w - 2*b = -30, 3*b = 2*b. Determine s(w).
-8
Let r(f) be the second derivative of f**6/120 + f**5/12 - f**4/24 + f**3/3 - 39*f**2/2 + 16*f. Let s(w) be the first derivative of r(w). What is s(-5)?
7
Suppose -5*y + 5*n + 5 = 0, -n + 1 + 3 = 0. Suppose -5*k + 26 - y = 3*x, 4*k - 2 = 5*x. Let s(r) = -9 + 1 + r + 0*r + k. Give s(5).
0
Suppose 0 = d - 1, 4*d - 9 = 65*v - 64*v. Let y(q) = q**2 + 6*q + 13. Calculate y(v).
8
Let k(a) be the first derivative of -a**2/2 - a - 7. Let q(h) = -3*h - 5. Let z(d) = 4*k(d) - 2*q(d). Calculate z(-5).
-4
Let i(v) = 4*v**2 - 2*v + 1. Suppose -3*k = -5*w - 0 - 3, 2 = 2*k - 2*w. Calculate i(k).
3
Let r(d) be the third derivative of d**4/24 - 3*d**3/2 + 37*d**2. Calculate r(4).
-5
Let p(c) = -7*c**2 - 129*c - 3*c**2 - 2 + 130*c - 4*c**2 + 5*c**2. What is p(-2)?
-40
Let j(l) = -17*l. Let v be (152/(-40) - -4)*10. Give j(v).
-34
Let p(v) = -v**3 + 3*v**2 + 5*v + 3. Let n be (-2)/(-7) + 104/28. Suppose 4*h - n = 3*h. Give p(h).
7
Let o(i) = -4*i + 12. Let c be o(-14). Let s(a) = 3*a**2 + a**2 + 69*a**3 - c*a**3. Determine s(-4).
0
Let k = 35 - 30. Let d(l) = -5*l**2 + k*l**2 - 2*l**2 + 6 + l**2 - 3*l. What is d(-5)?
-4
Let n be (1 - (-1 + 3))/(-1). Let d be (n/(-2)*-2)/(-1). Let b(g) = 3*g**3 - g**2. Determine b(d).
-4
Let w(y) = -y**3 - 3*y**2 + 4*y - 5. Let u = 42 - -15. Suppose -5*d - 3*r = -2*d - u, 0 = -4*d + 3*r + 48. Let a be 3/((-9)/d) + 1. Determine w(a).
-5
Suppose -13*v - 30 = -19*v. Let k(l) be the second derivative of -5/2*l**2 - l - 1/6*l**3 + 0. Give k(v).
-10
Let z(k) = -3*k + 58. Let h(o) = 2*o - 38. Let s(d) = -8*h(d) - 5*z(d). Give s(15).
-1
Let j(m) = -m**2 + 6*m + 9. Let h be j(7). Let w(r) = -3*r**2 + 11*r + h + 5*r**2 + 10 - r**2. Let l be w(-10). Let k(f) = -f**2 - 2*f + 1. What is k(l)?
-7
Let i(h) = -10*h**2 - 8*h + 11. Let o(j) = 44*j**2 + 32*j - 46. Let n(c) = 9*i(c) + 2*o(c). Determine n(-3).
13
Let y(p) = -p**2 - 5*p + 7. Let q 